s digit of 17761?
1
What is the thousands digit of 1890?
1
What is the ten thousands digit of 40218?
4
What is the thousands digit of 7903?
7
What is the units digit of 3?
3
What is the units digit of 100132?
2
What is the tens digit of 2013?
1
What is the thousands digit of 19162?
9
What is the units digit of 3523?
3
What is the tens digit of 1299?
9
What is the ten thousands digit of 73732?
7
What is the ten thousands digit of 50694?
5
What is the thousands digit of 4642?
4
What is the tens digit of 3254?
5
What is the units digit of 17140?
0
What is the tens digit of 2924?
2
What is the hundreds digit of 606?
6
What is the tens digit of 1092?
9
What is the tens digit of 28142?
4
What is the hundreds digit of 1605?
6
What is the tens digit of 28305?
0
What is the tens digit of 13831?
3
What is the units digit of 45021?
1
What is the thousands digit of 3856?
3
What is the tens digit of 7851?
5
What is the hundreds digit of 2976?
9
What is the hundreds digit of 974?
9
What is the thousands digit of 3349?
3
What is the thousands digit of 5646?
5
What is the units digit of 13227?
7
What is the thousands digit of 10972?
0
What is the tens digit of 926?
2
What is the thousands digit of 1800?
1
What is the units digit of 19077?
7
What is the tens digit of 14019?
1
What is the hundreds digit of 108836?
8
What is the units digit of 580?
0
What is the hundreds digit of 18501?
5
What is the units digit of 4023?
3
What is the thousands digit of 3253?
3
What is the tens digit of 92?
9
What is the thousands digit of 38159?
8
What is the units digit of 162660?
0
What is the tens digit of 781?
8
What is the units digit of 107574?
4
What is the hundreds digit of 27513?
5
What is the tens digit of 99?
9
What is the hundreds digit of 27113?
1
What is the thousands digit of 2420?
2
What is the thousands digit of 1333?
1
What is the hundreds digit of 42242?
2
What is the hundred thousands digit of 148216?
1
What is the thousands digit of 1683?
1
What is the tens digit of 3998?
9
What is the tens digit of 4379?
7
What is the units digit of 7?
7
What is the tens digit of 109982?
8
What is the units digit of 13724?
4
What is the tens digit of 858?
5
What is the units digit of 220?
0
What is the tens digit of 2867?
6
What is the hundreds digit of 52331?
3
What is the tens digit of 85?
8
What is the tens digit of 247?
4
What is the hundreds digit of 2409?
4
What is the ten thousands digit of 80382?
8
What is the hundreds digit of 4468?
4
What is the units digit of 237?
7
What is the tens digit of 25615?
1
What is the hundreds digit of 25703?
7
What is the ten thousands digit of 18517?
1
What is the hundreds digit of 486?
4
What is the units digit of 1406?
6
What is the hundreds digit of 94791?
7
What is the tens digit of 39789?
8
What is the tens digit of 534?
3
What is the hundreds digit of 8375?
3
What is the tens digit of 44993?
9
What is the units digit of 3399?
9
What is the hundreds digit of 9363?
3
What is the hundreds digit of 92960?
9
What is the thousands digit of 49586?
9
What is the hundreds digit of 29296?
2
What is the thousands digit of 13854?
3
What is the tens digit of 2835?
3
What is the thousands digit of 1861?
1
What is the units digit of 44320?
0
What is the thousands digit of 4166?
4
What is the tens digit of 19191?
9
What is the units digit of 22822?
2
What is the thousands digit of 3679?
3
What is the units digit of 8826?
6
What is the hundreds digit of 500?
5
What is the tens digit of 9552?
5
What is the units digit of 1615?
5
What is the hundreds digit of 37923?
9
What is the hundreds digit of 85822?
8
What is the tens digit of 146?
4
What is the units digit of 2241?
1
What is the thousands digit of 5462?
5
What is the hundred thousands digit of 102123?
1
What is the units digit of 39006?
6
What is the units digit of 1166?
6
What is the hundreds digit of 9997?
9
What is the units digit of 300?
0
What is the thousands digit of 2848?
2
What is the units digit of 818?
8
What is the tens digit of 79688?
8
What is the units digit of 16424?
4
What is the units digit of 2721?
1
What is the tens digit of 34161?
6
What is the units digit of 666?
6
What is the hundreds digit of 28336?
3
What is the hundreds digit of 9058?
0
What is the hundreds digit of 132476?
4
What is the tens digit of 127057?
5
What is the units digit of 2885?
5
What is the tens digit of 1401?
0
What is the tens digit of 2468?
6
What is the ten thousands digit of 45976?
4
What is the tens digit of 4937?
3
What is the tens digit of 11523?
2
What is the thousands digit of 118908?
8
What is the units digit of 11301?
1
What is the units digit of 272?
2
What is the units digit of 134718?
8
What is the thousands digit of 1128?
1
What is the tens digit of 547?
4
What is the hundreds digit of 34801?
8
What is the hundreds digit of 6619?
6
What is the hundreds digit of 6942?
9
What is the units digit of 864?
4
What is the hundreds digit of 904?
9
What is the tens digit of 2785?
8
What is the ten thousands digit of 99031?
9
What is the units digit of 4644?
4
What is the hundreds digit of 5896?
8
What is the ten thousands digit of 33031?
3
What is the hundreds digit of 4154?
1
What is the tens digit of 18932?
3
What is the ten thousands digit of 159617?
5
What is the hundreds digit of 8129?
1
What is the tens digit of 5538?
3
What is the units digit of 316?
6
What is the hundreds digit of 23251?
2
What is the thousands digit of 49514?
9
What is the hundreds digit of 4898?
8
What is the hundreds digit of 11069?
0
What is the ten thousands digit of 32495?
3
What is the hundreds digit of 7584?
5
What is the units digit of 1112?
2
What is the units digit of 2?
2
What is the hundreds digit of 1190?
1
What is the thousands digit of 22228?
2
What is the tens digit of 99475?
7
What is the hundreds digit of 4123?
1
What is the tens digit of 63638?
3
What is the units digit of 725?
5
What is the hundreds digit of 11398?
3
What is the units digit of 919?
9
What is the tens digit of 9679?
7
What is the units digit of 3?
3
What is the hundreds digit of 3924?
9
What is the units digit of 1029?
9
What is the units digit of 14007?
7
What is the hundreds digit of 219?
2
What is the hundreds digit of 8796?
7
What is the units digit of 5920?
0
What is the tens digit of 758?
5
What is the tens digit of 301?
0
What is the tens digit of 3383?
8
What is the hundreds digit of 1059?
0
What is the tens digit of 4183?
8
What is the units digit of 18866?
6
What is the hundreds digit of 3250?
2
What is the thousands digit of 5008?
5
What is the tens digit of 37619?
1
What is the units digit of 1325?
5
What is the tens digit of 6109?
0
What is the hundreds digit of 45219?
2
What is the ten thousands digit of 74582?
7
What is the units digit of 650?
0
What is the tens digit of 90306?
0
What is the tens digit of 1004?
0
What is the units digit of 16225?
5
What is the tens digit of 45?
4
What is the hundreds digit of 77089?
0
What is the tens digit of 903?
0
What is the hundreds digit of 250?
2
What is the tens digit of 20517?
1
What is the thousands digit of 11180?
1
What is the ten thousands digit of 128993?
2
What is the hundreds digit of 444?
4
What is the hundreds digit of 1186?
1
What is the tens digit of 7220?
2
What is the ten thousands digit of 118777?
1
What is the hundreds digit of 1943?
9
What is the ten thousands digit of 80775?
8
What is the tens digit of 9815?
1
What is the tens digit of 8649?
4
What is the thousands digit of 19234?
9
What is the thousands digit of 3116?
3
What is the tens digit of 66422?
2
What is the units digit of 30940?
0
What is the units digit of 4067?
7
What is the hundreds digit of 2906?
9
What is the units digit of 3036?
6
What is the thousands digit of 1673?
1
What is the thousands digit of 5694?
5
What is the hundreds digit of 1094?
0
What is the thousands digit of 2243?
2
What is the units digit of 2786?
6
What is the hundreds digit of 1248?
2
What is the tens digit of 6146?
4
What is the hundreds digit of 16405?
4
What is the hundreds digit of 940?
9
What is the thousands digit of 2561?
2
What is the tens digit of 625?
2
What is the hundreds digit of 3752?
7
What is the ten thousands digit of 11945?
1
What is the thousands digit of 4549?
4
What is the units digit of 371?
1
W